{"id":6706,"date":"2018-02-20T10:18:16","date_gmt":"2018-02-20T10:18:16","guid":{"rendered":"http:\/\/nueva.ingenieriaprocon.com\/?page_id=6706"},"modified":"2018-06-21T17:33:06","modified_gmt":"2018-06-21T17:33:06","slug":"gestion-forestal","status":"publish","type":"page","link":"https:\/\/ingenieriaprocon.com\/es\/medio-ambiente\/gestion-forestal\/","title":{"rendered":"Gesti\u00f3n forestal"},"content":{"rendered":"<p>[vc_row][vc_column][vc_empty_space height=\u00bb0&#8243; css=\u00bb.vc_custom_1464093011147{margin-top: -9px !important;}\u00bb][\/vc_column][\/vc_row][vc_row][vc_column][vc_single_image image=\u00bb7882&#8243; img_size=\u00bbfull\u00bb][\/vc_column][\/vc_row][vc_row css=\u00bb.vc_custom_1462367302295{padding-top: 40px !important;}\u00bb][vc_column][vc_column_text]En <strong>INGENIER\u00cdA PROCON<\/strong> desarrollamos proyectos de planificaci\u00f3n y gesti\u00f3n forestal a trav\u00e9s de documentos t\u00e9cnicos que sintetizan la organizaci\u00f3n, el aprovechamiento y la administraci\u00f3n del espacio para el mantenimiento de la biodiversidad, productividad y capacidad de regeneraci\u00f3n teniendo en cuenta las funciones econ\u00f3micas, sociales y ecol\u00f3gicas relevantes.<\/p>\n<p>En definitiva, realizamos todo tipo de estudios que permitan evaluar, diagnosticar y atenuar las actuaciones humanas sobre el medio ambiente.[\/vc_column_text][\/vc_column][\/vc_row]<\/p>\n","protected":false},"excerpt":{"rendered":"<p>[vc_row][vc_column][vc_empty_space height=\u00bb0&#8243; css=\u00bb.vc_custom_1464093011147{margin-top: -9px !important;}\u00bb][\/vc_column][\/vc_row][vc_row][vc_column][vc_single_image image=\u00bb7882&#8243; img_size=\u00bbfull\u00bb][\/vc_column][\/vc_row][vc_row css=\u00bb.vc_custom_1462367302295{padding-top: 40px !important;}\u00bb][vc_column][vc_column_text]En INGENIER\u00cdA PROCON desarrollamos proyectos de planificaci\u00f3n y gesti\u00f3n forestal a trav\u00e9s de documentos t\u00e9cnicos que sintetizan la organizaci\u00f3n, el aprovechamiento y la administraci\u00f3n del espacio para el mantenimiento de la biodiversidad, productividad y capacidad de&#8230;<\/p>\n","protected":false},"author":1,"featured_media":0,"parent":6699,"menu_order":0,"comment_status":"closed","ping_status":"closed","template":"","meta":{"footnotes":""},"class_list":["post-6706","page","type-page","status-publish","hentry"],"_links":{"self":[{"href":"https:\/\/ingenieriaprocon.com\/es\/wp-json\/wp\/v2\/pages\/6706","targetHints":{"allow":["GET"]}}],"collection":[{"href":"https:\/\/ingenieriaprocon.com\/es\/wp-json\/wp\/v2\/pages"}],"about":[{"href":"https:\/\/ingenieriaprocon.com\/es\/wp-json\/wp\/v2\/types\/page"}],"author":[{"embeddable":true,"href":"https:\/\/ingenieriaprocon.com\/es\/wp-json\/wp\/v2\/users\/1"}],"replies":[{"embeddable":true,"href":"https:\/\/ingenieriaprocon.com\/es\/wp-json\/wp\/v2\/comments?post=6706"}],"version-history":[{"count":10,"href":"https:\/\/ingenieriaprocon.com\/es\/wp-json\/wp\/v2\/pages\/6706\/revisions"}],"predecessor-version":[{"id":7938,"href":"https:\/\/ingenieriaprocon.com\/es\/wp-json\/wp\/v2\/pages\/6706\/revisions\/7938"}],"up":[{"embeddable":true,"href":"https:\/\/ingenieriaprocon.com\/es\/wp-json\/wp\/v2\/pages\/6699"}],"wp:attachment":[{"href":"https:\/\/ingenieriaprocon.com\/es\/wp-json\/wp\/v2\/media?parent=6706"}],"curies":[{"name":"wp","href":"https:\/\/api.w.org\/{rel}","templated":true}]}}

Gestión forestal

<p>[vc_row][vc_column][vc_empty_space height=»0&#8243; css=».vc_custom_1464093011147{margin-top: -9px !important;}»][/vc_column][/vc_row][vc_row][vc_column][vc_single_image image=»7882&#8243; img_size=»full»][/vc_column][/vc_row][vc_row css=».vc_custom_1462367302295{padding-top: 40px !important;}»][vc_column][vc_column_text]En <strong>INGENIERÍA PROCON</strong> desarrollamos proyectos de planificación y gestión forestal a través de documentos técnicos que sintetizan la organización, el aprovechamiento y la administración del espacio para el mantenimiento de la biodiversidad, productividad y capacidad de regeneración teniendo en cuenta las funciones económicas, sociales y ecológicas relevantes.</p>
<p>En definitiva, realizamos todo tipo de estudios que permitan evaluar, diagnosticar y atenuar las actuaciones humanas sobre el medio ambiente.[/vc_column_text][/vc_column][/vc_row]</p>

<p>[vc_row][vc_column][vc_empty_space height=»0&#8243; css=».vc_custom_1464093011147{margin-top: -9px !important;}»][/vc_column][/vc_row][vc_row][vc_column][vc_single_image image=»7882&#8243; img_size=»full»][/vc_column][/vc_row][vc_row css=».vc_custom_1462367302295{padding-top: 40px !important;}»][vc_column][vc_column_text]En INGENIERÍA PROCON desarrollamos proyectos de planificación y gestión forestal a través de documentos técnicos que sintetizan la organización, el aprovechamiento y la administración del espacio para el mantenimiento de la biodiversidad, productividad y capacidad de&#8230;</p>
