{"id":7172,"date":"2018-03-16T12:00:23","date_gmt":"2018-03-16T12:00:23","guid":{"rendered":"http:\/\/nueva.ingenieriaprocon.com\/?page_id=7172"},"modified":"2018-06-22T15:14:57","modified_gmt":"2018-06-22T15:14:57","slug":"politica-de-privacidad","status":"publish","type":"page","link":"https:\/\/ingenieriaprocon.com\/es\/politica-de-privacidad\/","title":{"rendered":"Pol\u00edtica de privacidad"},"content":{"rendered":"<p>[vc_row content_width=\u00bbgrid\u00bb content_aligment=\u00bbcenter\u00bb css=\u00bb.vc_custom_1519750173877{padding-top: 104px !important;padding-bottom: 30px !important;}\u00bb][vc_column][vc_column_text]<\/p>\n<h3><strong>Pol\u00edtica general de protecci\u00f3n de datos de Procon Nerium<\/strong><\/h3>\n<p>[\/vc_column_text][vc_empty_space height=\u00bb15px\u00bb]<div class=\"edgtf-separator-holder clearfix  edgtf-separator-center\">\n\t<div class=\"edgtf-separator\" style=\"border-color: #e7bd74;border-style: solid;width: 50px;border-bottom-width: 1px;margin-top: 16px;margin-bottom: 16px\"><\/div>\n<\/div>\n[\/vc_column][\/vc_row][vc_row content_width=\u00bbgrid\u00bb content_aligment=\u00bbcenter\u00bb css=\u00bb.vc_custom_1519750210610{padding-bottom: 100px !important;}\u00bb][vc_column][vc_column_text css=\u00bb.vc_custom_1521542509770{padding-right: 15% !important;padding-left: 15% !important;}\u00bb]<\/p>\n<p style=\"text-align: left;\"><strong>AVISO LEGAL<\/strong><\/p>\n<p style=\"text-align: left;\">El responsable de esta p\u00e1gina web es: \u201cPROCON NERIUM S.L.P.\u201d, sociedad inscrita en el Registro Mercantil de la provincia de ALICANTE, T 2696, F 17, S 8, H A, con C.I.F. B-53798567 y domicilio social en Avenida de Alc\u00fadia 39, 03720 Benisa (Alicante).<\/p>\n<p style=\"text-align: left;\">Tambi\u00e9n puede contactar con nosotros a trav\u00e9s del n\u00famero de tel\u00e9fono N\u00ba 96 573 37 22 o a trav\u00e9s del e-mail: info@ingenieriaprocon.com.<\/p>\n<p style=\"text-align: left;\"><strong>POL\u00cdTICA DE PRIVACIDAD:<\/strong><\/p>\n<p style=\"text-align: left;\">FORMULARIO DE CONTACTO<\/p>\n<p style=\"text-align: left;\">En cumplimiento de la LO 15\/1999, de 13 de diciembre, de Protecci\u00f3n de Datos de Car\u00e1cter Personal, as\u00ed como el Reglamento (UE) del Parlamento Europeo y del Consejo de 27 de abril de 2016, le informamos que los datos de car\u00e1cter personal que sean recabados de Ud. ser\u00e1n incorporados en un fichero cuyo titular es \u201cPROCON NERIUM S.L.P.\u201d, con C.I.F. B-53798567, y con domicilio social en Avenida de Alc\u00fadia 39, 03720 Benisa (Alicante).<\/p>\n<p style=\"text-align: left;\">La recogida de datos personales para los fines que se especificar\u00e1n encuentra su base legal en el consentimiento prestado por Ud. al clicar en la casilla \u201cAcepto la Pol\u00edtica de Privacidad\u201d. Prestado el consentimiento en la forma descrita, Ud. acepta que la recogida de sus datos personales tenga las siguientes finalidades:<\/p>\n<ul style=\"text-align: left;\">\n<li>Gestionar las solicitudes de informaci\u00f3n a trav\u00e9s del formulario de contacto.<\/li>\n<\/ul>\n<p style=\"text-align: left;\">Igualmente le informamos que puede ejercitar los derechos de acceso, rectificaci\u00f3n, supresi\u00f3n (derecho al olvido), limitaci\u00f3n, portabilidad, oposici\u00f3n, a presentar una reclamaci\u00f3n ante una autoridad de control, as\u00ed como la posibilidad de retirar el consentimiento en cualquier momento, a trav\u00e9s de carta, adjuntando fotocopia de su NIF\/NIE\/Pasaporte a la direcci\u00f3n postal arriba indicada.<\/p>\n<p style=\"text-align: left;\"><em>Advertencia: hasta la entrada en vigor del Reglamento (25 de mayo 2018), s\u00f3lo podr\u00e1n ser ejercitados los derechos de acceso, rectificaci\u00f3n, cancelaci\u00f3n y oposici\u00f3n.<\/em><\/p>\n<p style=\"text-align: left;\">Asimismo le informamos de que sus datos personales se conservar\u00e1n durante un plazo de dos a a\u00f1os. Todo ello sin perjuicio de poder ejercitar el derecho de cancelaci\u00f3n.<\/p>\n<p>\u00a0[\/vc_column_text][\/vc_column][\/vc_row]<\/p>\n","protected":false},"excerpt":{"rendered":"<p>[vc_row content_width=\u00bbgrid\u00bb content_aligment=\u00bbcenter\u00bb css=\u00bb.vc_custom_1519750173877{padding-top: 104px !important;padding-bottom: 30px !important;}\u00bb][vc_column][vc_column_text] Pol\u00edtica general de protecci\u00f3n de datos de Procon Nerium [\/vc_column_text][vc_empty_space height=\u00bb15px\u00bb][\/vc_column][\/vc_row][vc_row content_width=\u00bbgrid\u00bb content_aligment=\u00bbcenter\u00bb css=\u00bb.vc_custom_1519750210610{padding-bottom: 100px !important;}\u00bb][vc_column][vc_column_text css=\u00bb.vc_custom_1521542509770{padding-right: 15% !important;padding-left: 15% !important;}\u00bb] AVISO LEGAL El responsable de esta p\u00e1gina web es: \u201cPROCON NERIUM S.L.P.\u201d, sociedad inscrita en el&#8230;<\/p>\n","protected":false},"author":1,"featured_media":0,"parent":0,"menu_order":0,"comment_status":"closed","ping_status":"closed","template":"full-width.php","meta":{"footnotes":""},"class_list":["post-7172","page","type-page","status-publish","hentry"],"_links":{"self":[{"href":"https:\/\/ingenieriaprocon.com\/es\/wp-json\/wp\/v2\/pages\/7172","targetHints":{"allow":["GET"]}}],"collection":[{"href":"https:\/\/ingenieriaprocon.com\/es\/wp-json\/wp\/v2\/pages"}],"about":[{"href":"https:\/\/ingenieriaprocon.com\/es\/wp-json\/wp\/v2\/types\/page"}],"author":[{"embeddable":true,"href":"https:\/\/ingenieriaprocon.com\/es\/wp-json\/wp\/v2\/users\/1"}],"replies":[{"embeddable":true,"href":"https:\/\/ingenieriaprocon.com\/es\/wp-json\/wp\/v2\/comments?post=7172"}],"version-history":[{"count":9,"href":"https:\/\/ingenieriaprocon.com\/es\/wp-json\/wp\/v2\/pages\/7172\/revisions"}],"predecessor-version":[{"id":7962,"href":"https:\/\/ingenieriaprocon.com\/es\/wp-json\/wp\/v2\/pages\/7172\/revisions\/7962"}],"wp:attachment":[{"href":"https:\/\/ingenieriaprocon.com\/es\/wp-json\/wp\/v2\/media?parent=7172"}],"curies":[{"name":"wp","href":"https:\/\/api.w.org\/{rel}","templated":true}]}}

Política de privacidad

<p>[vc_row content_width=»grid» content_aligment=»center» css=».vc_custom_1519750173877{padding-top: 104px !important;padding-bottom: 30px !important;}»][vc_column][vc_column_text]</p>
<h3><strong>Política general de protección de datos de Procon Nerium</strong></h3>
<p>[/vc_column_text][vc_empty_space height=»15px»]<div class="edgtf-separator-holder clearfix  edgtf-separator-center">
	<div class="edgtf-separator" style="border-color: #e7bd74;border-style: solid;width: 50px;border-bottom-width: 1px;margin-top: 16px;margin-bottom: 16px"></div>
</div>
[/vc_column][/vc_row][vc_row content_width=»grid» content_aligment=»center» css=».vc_custom_1519750210610{padding-bottom: 100px !important;}»][vc_column][vc_column_text css=».vc_custom_1521542509770{padding-right: 15% !important;padding-left: 15% !important;}»]</p>
<p style="text-align: left;"><strong>AVISO LEGAL</strong></p>
<p style="text-align: left;">El responsable de esta página web es: “PROCON NERIUM S.L.P.”, sociedad inscrita en el Registro Mercantil de la provincia de ALICANTE, T 2696, F 17, S 8, H A, con C.I.F. B-53798567 y domicilio social en Avenida de Alcúdia 39, 03720 Benisa (Alicante).</p>
<p style="text-align: left;">También puede contactar con nosotros a través del número de teléfono Nº 96 573 37 22 o a través del e-mail: info@ingenieriaprocon.com.</p>
<p style="text-align: left;"><strong>POLÍTICA DE PRIVACIDAD:</strong></p>
<p style="text-align: left;">FORMULARIO DE CONTACTO</p>
<p style="text-align: left;">En cumplimiento de la LO 15/1999, de 13 de diciembre, de Protección de Datos de Carácter Personal, así como el Reglamento (UE) del Parlamento Europeo y del Consejo de 27 de abril de 2016, le informamos que los datos de carácter personal que sean recabados de Ud. serán incorporados en un fichero cuyo titular es “PROCON NERIUM S.L.P.”, con C.I.F. B-53798567, y con domicilio social en Avenida de Alcúdia 39, 03720 Benisa (Alicante).</p>
<p style="text-align: left;">La recogida de datos personales para los fines que se especificarán encuentra su base legal en el consentimiento prestado por Ud. al clicar en la casilla “Acepto la Política de Privacidad”. Prestado el consentimiento en la forma descrita, Ud. acepta que la recogida de sus datos personales tenga las siguientes finalidades:</p>
<ul style="text-align: left;">
<li>Gestionar las solicitudes de información a través del formulario de contacto.</li>
</ul>
<p style="text-align: left;">Igualmente le informamos que puede ejercitar los derechos de acceso, rectificación, supresión (derecho al olvido), limitación, portabilidad, oposición, a presentar una reclamación ante una autoridad de control, así como la posibilidad de retirar el consentimiento en cualquier momento, a través de carta, adjuntando fotocopia de su NIF/NIE/Pasaporte a la dirección postal arriba indicada.</p>
<p style="text-align: left;"><em>Advertencia: hasta la entrada en vigor del Reglamento (25 de mayo 2018), sólo podrán ser ejercitados los derechos de acceso, rectificación, cancelación y oposición.</em></p>
<p style="text-align: left;">Asimismo le informamos de que sus datos personales se conservarán durante un plazo de dos a años. Todo ello sin perjuicio de poder ejercitar el derecho de cancelación.</p>
<p> [/vc_column_text][/vc_column][/vc_row]</p>

<p>[vc_row content_width=»grid» content_aligment=»center» css=».vc_custom_1519750173877{padding-top: 104px !important;padding-bottom: 30px !important;}»][vc_column][vc_column_text] Política general de protección de datos de Procon Nerium [/vc_column_text][vc_empty_space height=»15px»][/vc_column][/vc_row][vc_row content_width=»grid» content_aligment=»center» css=».vc_custom_1519750210610{padding-bottom: 100px !important;}»][vc_column][vc_column_text css=».vc_custom_1521542509770{padding-right: 15% !important;padding-left: 15% !important;}»] AVISO LEGAL El responsable de esta página web es: “PROCON NERIUM S.L.P.”, sociedad inscrita en el&#8230;</p>
